ulate z(-1).
-3
Let a(i) = -2*i**3 - 20*i**2 + 167*i + 1740. What is a(-10)?
70
Let s(i) = 6*i**3 - 291*i**2 + 144*i - 13. Give s(48).
-13
Let k(v) = 55*v**2 - 28*v - 8. Calculate k(0).
-8
Let a(p) = -83*p - 731. Determine a(-9).
16
Let h(t) = -t**2 - 5*t + 11. Calculate h(-3).
17
Let d(g) = g**2 - 54*g + 715. What is d(26)?
-13
Let p(m) = 2*m**2 - 480*m - 4481. Calculate p(-9).
1
Let o(s) = 2*s + 66. What is o(-12)?
42
Let y(t) = -659*t + 27038. Calculate y(41).
19
Let s(c) = -19*c**2 - 1326*c + 286. Give s(-70).
6
Let x(b) = -b**3 + 6*b**2 + 8*b + 67. Calculate x(11).
-450
Let v(z) = z**3 + 11*z**2 + 28*z - 11. Calculate v(-6).
1
Let b(j) = -4*j**3 - 104*j**2 - 23*j - 97. Determine b(-26).
501
Let u(n) = 2*n**2 + 53*n + 155. What is u(-23)?
-6
Let m(d) = -140*d + 981. What is m(7)?
1
Let l(x) = 40*x**2 - 45*x + 120. Calculate l(3).
345
Let o(s) = 7*s + 466. Give o(-55).
81
Let i(j) = j**3 - 6*j**2 - 77*j + 63. Give i(12).
3
Let a(h) = 255*h - 1778. What is a(7)?
7
Let g(c) = -188*c - 4500. Calculate g(-24).
12
Let n(o) = -o**3 - 270*o**2 - 5682*o - 250. Calculate n(-247).
-3
Let t(g) = g**2 + 10*g - 306. Calculate t(-25).
69
Let n(y) = -5*y - 440. What is n(59)?
-735
Let o(r) = -2*r**3 + 107*r**2 + 41*r + 660. Give o(54).
-42
Let z(a) = 2*a**3 - 77*a - 21. Give z(0).
-21
Let x(n) = -8*n - 121. Give x(-7).
-65
Let t(a) = 11*a**2 - 124*a + 26. Determine t(8).
-262
Let k(o) = -995*o - 9945. Determine k(-10).
5
Let n(t) = -2*t**3 + 37*t**2 - 17*t + 27. Calculate n(19).
-657
Let z(i) = 2*i**2 + 327*i + 12. Determine z(0).
12
Let t(i) = -i**2 - 373*i + 3833. Calculate t(10).
3
Let d(t) = -t**3 + 17*t**2 + 12*t - 56. What is d(-2)?
-4
Let l(m) = m**3 + 74*m**2 + 78*m + 308. Determine l(-73).
-57
Let k(r) = 6*r**3 + 179*r**2 - 185*r + 7. Calculate k(1).
7
Let z(d) = 6*d - 1394. What is z(230)?
-14
Let k(p) = 3*p**2 + 32*p - 210. What is k(7)?
161
Let m(k) = -3*k**2 - 250*k - 78. Give m(-83).
5
Let h(m) = m**3 + 10*m**2 + 11*m - 13. What is h(-7)?
57
Let o(v) = -3*v**2 - 121*v - 351. Calculate o(-3).
-15
Let i(f) = -f**3 + 100*f**2 + 4*f - 447. Determine i(100).
-47
Let j(c) = -9*c**2 + 32*c + 284. Determine j(8).
-36
Let r(o) = 9*o - 934. What is r(67)?
-331
Let l(k) = 9*k - 49. Give l(9).
32
Let a(b) = 527*b - 2120. Calculate a(4).
-12
Let k(o) = -37*o - 83. What is k(0)?
-83
Let n(r) = r**2 + 17*r + 37. What is n(-10)?
-33
Let r(o) = -o**2 + 29*o + 83. Calculate r(24).
203
Let n(u) = -5*u**2 + 4*u - 63. Determine n(8).
-351
Let u(i) = -29*i - 660. What is u(-23)?
7
Let j(i) = -32*i**2 + 768*i + 5. What is j(24)?
5
Let g(i) = -i**3 + 132*i**2 + 2698*i - 25. Give g(-18).
11
Let j(a) = -293*a + 2335. Give j(8).
-9
Let p(f) = 222*f - 4867. Determine p(22).
17
Let r(v) = v**2 + 89*v + 306. Determine r(-4).
-34
Let o(p) = p**2 - 34*p + 43. Calculate o(16).
-245
Let x(y) = 14*y - 254. Calculate x(19).
12
Let g(z) = -633*z + 3152. Determine g(5).
-13
Let a(s) = 3*s + 25. Give a(-23).
-44
Let x(k) = -2*k**2 - 501*k + 1265. Calculate x(-253).
0
Let u(r) = r**3 + 11*r**2 - 35*r - 132. Give u(-13).
-15
Let z(p) = -p**2 + 35*p - 303. Give z(9).
-69
Let b(i) = -83*i + 1131. Give b(10).
301
Let w(f) = -4*f - 8. Give w(-6).
16
Let n(a) = -2504*a - 5014. Determine n(-2).
-6
Let o(m) = m**3 + 12*m**2 - 253*m - 10. Calculate o(-23).
-10
Let p(o) = -287*o - 1729. What is p(-6)?
-7
Let d(n) = -31*n + 4108. Determine d(131).
47
Let r(d) = 6*d + 577. Calculate r(-40).
337
Let n(c) = -5*c**2 + 237*c - 2787. What is n(22)?
7
Let i(c) = -c**2 + 22*c - 264. Give i(23).
-287
Let s(c) = 30369*c + 242946. Determine s(-8).
-6
Let u(n) = -1162*n + 17435. What is u(15)?
5
Let i(b) = 4*b**2 + 58*b + 68. Determine i(-13).
-10
Let h(f) = 18*f - 722. What is h(40)?
-2
Let c(l) = l**2 - 12*l - 2. Give c(-4).
62
Let o(u) = 185*u + 2989. What is o(-17)?
-156
Let g(v) = -71*v - 6393. What is g(-90)?
-3
Let r(q) = 147*q**2 + 1181*q - 4. Calculate r(-8).
-44
Let o(d) = -d**3 - 46*d**2 - 134*d - 5. Calculate o(-3).
10
Let j(v) = 18*v**2 + 166*v + 13. What is j(-9)?
-23
Let j(r) = -25*r + 429. Give j(18).
-21
Let p(w) = -559*w - 202. Calculate p(-1).
357
Let j(p) = 4*p**3 + 29*p**2 + 13*p - 26. Give j(-7).
-68
Let x(y) = 10*y**2 - 9*y - 88. Calculate x(4).
36
Let g(v) = 11*v**3 + 728*v**2 + 127*v - 337. Calculate g(-66).
-7
Let r(n) = -n**3 + 13*n**2 + 146*n - 1832. Calculate r(14).
16
Let p(n) = 2*n**3 + 8*n**2 - 9*n + 25. Give p(-6).
-65
Let q(v) = -v**3 - 5*v**2 + 23*v + 5. What is q(-9)?
122
Let h(t) = -t**3 - 4*t**2 + 26*t + 97. Determine h(-5).
-8
Let b(q) = -35*q + 677. Give b(20).
-23
Let i(z) = 388*z + 6802. Calculate i(-17).
206
Let l(y) = -y**2 - 37*y + 97. Give l(-36).
133
Let v(f) = -f**2 + 479*f - 1904. Calculate v(4).
-4
Let d(s) = s**2 + 11*s - 8. Give d(0).
-8
Let w(p) = 63353*p - 443468. Determine w(7).
3
Let b(g) = -131*g + 5379. Give b(41).
8
Let y(g) = -28*g + 297. Determine y(8).
73
Let d(i) = i**3 + 94*i**2 - 90*i + 508. Determine d(-95).
33
Let k(c) = -21685*c - 65057. What is k(-3)?
-2
Let p(b) = 17*b**3 + 13*b**2 - b - 11. Calculate p(-1).
-14
Let x(a) = -a**2 + 18*a + 300. What is x(28)?
20
Let v(w) = -3*w**2 + 474*w - 3618. What is v(8)?
-18
Let u(q) = -13*q + 1164. What is u(90)?
-6
Let b(s) = 4*s + 450. Determine b(16).
514
Let a(h) = 43*h**2 + 344*h + 2. Give a(-8).
2
Let b(t) = -2*t**2 + 81*t + 601. Determine b(45).
196
Let y(x) = 26*x**2 + 1192*x + 21. What is y(-46)?
205
Let k(p) = -2*p**3 + 186*p**2 + 187*p + 524. Give k(94).
430
Let z(f) = 62*f + 366. What is z(-3)?
180
Let s(r) = 190*r - 32. Calculate s(2).
348
Let y(i) = i**3 + 13*i**2 - 2*i + 44. Calculate y(-13).
70
Let t(y) = -12*y + 604. Determine t(43).
88
Let d(w) = 77*w - 3378. What is d(44)?
10
Let z(r) = 376*r + 7901. Determine z(-21).
5
Let k(q) = 3*q**3 - 4*q**2 - 2*q + 2. Calculate k(4).
122
Let j(y) = y**3 - 73*y**2 - 346*y + 228. Determine j(-5).
8
Let n(y) = 15*y**3 + 1527*y**2 - 312*y - 625. Give n(-102).
-13
Let j(d) = 71*d + 777. Determine j(-9).
138
Let q(d) = -89*d - 329. Calculate q(-4).
27
Let v(f) = f**3 - 45*f**2 + 42*f + 105. Determine v(44).
17
Let t(u) = -20*u**2 + 25*u + 10. Determine t(3).
-95
Let o(l) = -l**3 + 46*l**2 - 60*l + 679. Determine o(45).
4
Let f(x) = 73*x - 74. Give f(5).
291
Let w(a) = a - 102. Give w(14).
-88
Let h(w) = 2*w**3 - 49*w**2 + 11*w - 797. Give h(25).
103
Let u(a) = -a**3 - 108*a**2 - 15*a + 9844. What is u(-107)?
0
Let x(m) = -m**3 + 65*m**2 + 127*m + 359. Give x(67).
-110
Let t(q) = 6*q + 292. What is t(-40)?
52
Let t(i) = 2*i**3 + 32*i**2 + 29*i + 48. Calculate t(-17).
-1023
Let y(s) = -s**2 - 18*s - 121. What is y(-6)?
-49
Let v(z) = -z**3 - 24*z**2 - 117*z + 36. Calculate v(-17).
2
Let o(w) = -4*w**2 + 16*w - 13. Calculate o(1).
-1
Let s(p) = 78*p + 218. Determine s(-4).
-94
Let j(w) = 484*w + 19. What is j(1)?
503
Let r(p) = 75*p - 98. What is r(0)?
-98
Let w(k) = 382*k + 2707. What is w(-7)?
33
Let h(p) = -p**2 - 5*p + 78. What is h(-10)?
28
Let f(w) = 16846*w - 67386. Determine f(4).
-2
Let t(m) = -2*m**3 - 19*m**2 + 35*m - 25. Calculate t(-11).
-47
Let g(c) = -65*c + 2184. Give g(31).
169
Let b(i) = i**2 - 30*i + 234. Calculate b(21).
45
Let z(r) = 11*r**3 + 5*r**2 - 19*r - 89. Give z(-3).
-284
Let a(u) = 3*u**3 - 54*u**2 - 251*u + 4515. Give a(18).
-3
Let b(g) = -g**2 + 61*g + 2988. Determine b(93).
12
Let g(j) = 2*j**2 + 413*j - 3004. What is g(7)?
-15
Let m(s) = 2*s - 2. Determine m(21).
40
Let h(z) = z**3 - 22*z**2 - 23*z + 83. Calculate h(23).
83
Let l(g) = g**3 + 16*g**2 - 33*g + 60. Give l(-18).
6
Let f(v) = -15772*v - 31548. Determine f(-2).
-4
Let b(i) = -i**3 + 17*i**2 + i + 93. What is b(17)?
110
Let a(h) = 3*h + 13. Give a(-23).
-56
Let k(o) = o**3 + 40*o**2 + 70*o - 67. What is k(-38)?
161
Let s(y) = 26*y + 974. Calculate s(-36).
38
Let c(q) = -q**2 - 11*q - 4. What is c(3)?
-46
Let a(m) = m**3 - 13*m**2 - 87*m + 1155. What is a(13)?
24
Let b(c) = c**3 + 6*c**2 + c - 4. Determine b(-4).
24
Let g(v) = -v**3 - 78*v**2 - 152*v + 5. What is g(-76)?
5
Let y(o) = 2*o**3 - 81*o**2 - 22*o - 155. What is y(41)?
624
Let o(y) = -500*y + 70009. What is o(140)?
9
Let w(z) = z**3 + 10*z**2 + 22*z + 50. Determine w(-8).
2
Let c(k) = 3*k**2 + 311*k + 278. Give c(-102).
-232
Let j(x) = 1556*x + 17114. Give j(-11).
-2
Let k(r) = 2*r**2 - 7*r